{"id":124,"date":"2019-02-27T23:57:52","date_gmt":"2019-02-27T16:57:52","guid":{"rendered":"http:\/\/nutrilife.com.vn\/?post_type=product&#038;p=124"},"modified":"2019-03-05T09:58:47","modified_gmt":"2019-03-05T02:58:47","slug":"dau-anh-thao","status":"publish","type":"product","link":"http:\/\/nutrilife.com.vn\/index.php\/san-pham\/dau-anh-thao\/","title":{"rendered":"D\u1ea7u anh th\u1ea3o"},"content":{"rendered":"<p><strong>L\u1ee3i \u00edch s\u1ee9c kh\u1ecfe c\u1ee7a d\u1ea7u hoa anh th\u1ea3o\u00a0<\/strong><\/p>\n<ul>\n<li>D\u1ea7u hoa anh th\u1ea3o c\u00f3 th\u1ec3 h\u1eefu \u00edch trong vi\u1ec7c ki\u1ec3m so\u00e1t c\u0103ng th\u1eb3ng ti\u1ec1n kinh nguy\u1ec7t \/ h\u1ed9i ch\u1ee9ng ti\u1ec1n kinh nguy\u1ec7t.<\/li>\n<li>C\u00f3 th\u1ec3 gi\u00fap gi\u1ea3m \u0111au do \u0111au b\u1ee5ng kinh v\u00e0 \u0111au ng\u1ef1c tr\u01b0\u1edbc k\u1ef3 kinh nguy\u1ec7t.<\/li>\n<li>Th\u00fac \u0111\u1ea9y \u0111i\u1ec1u tr\u1ecb c\u00e1c t\u00ecnh tr\u1ea1ng da nh\u01b0 m\u1ee5n tr\u1ee9ng c\u00e1, da kh\u00f4, eczema, vi\u00eam da v\u00e0 b\u1ec7nh v\u1ea9y n\u1ebfn.<\/li>\n<li>D\u1ea7u hoa anh th\u1ea3o r\u1ea5t h\u1eefu \u00edch cho vi\u1ec7c duy tr\u00ec s\u1ee9c kh\u1ecfe mao m\u1ea1ch v\u00e0 tu\u1ea7n ho\u00e0n m\u00e1u kh\u1ecfe m\u1ea1nh.<\/li>\n<li>T\u0103ng c\u01b0\u1eddng ch\u1ee9c n\u0103ng tim, huy\u1ebft \u00e1p v\u00e0 m\u1ee9c cholesterol trong m\u00e1u.<\/li>\n<li>Th\u00fac \u0111\u1ea9y \u201cs\u1ef1 s\u1ed1ng \u201d cho l\u00e0n da, t\u00f3c v\u00e0 m\u00f3ng tay.<\/li>\n<\/ul>\n<hr \/>\n<p><strong>Cam k\u1ebft v\u1ec1 ch\u1ea5t l\u01b0\u1ee3ng :\u00a0<\/strong><\/p>\n<ul>\n<li>Ch\u1ee9ng nh\u1eadn GMP<\/li>\n<li>Non \u2013 GMO<\/li>\n<li>Kh\u00f4ng h\u01b0\u01a1ng v\u1ecb nh\u00e2n t\u1ea1o<\/li>\n<li>Kh\u00f4ng ch\u1ea5t b\u1ea3o qu\u1ea3n<\/li>\n<li>Vi\u00ean nang m\u1ec1m BSE kh\u00f4ng ch\u1ee9a Gelatin<\/li>\n<\/ul>\n<p>&nbsp;<\/p>\n<p><img decoding=\"async\" loading=\"lazy\" class=\"alignnone wp-image-132\" src=\"http:\/\/nutrilife.com.vn\/wp-content\/uploads\/2019\/02\/UTB8LBVJoiDEXKJk43Oqq6Az3XXa8-1-300x77.jpg\" alt=\"\" width=\"390\" height=\"100\" srcset=\"http:\/\/nutrilife.com.vn\/wp-content\/uploads\/2019\/02\/UTB8LBVJoiDEXKJk43Oqq6Az3XXa8-1-300x77.jpg 300w, http:\/\/nutrilife.com.vn\/wp-content\/uploads\/2019\/02\/UTB8LBVJoiDEXKJk43Oqq6Az3XXa8-1-768x198.jpg 768w, http:\/\/nutrilife.com.vn\/wp-content\/uploads\/2019\/02\/UTB8LBVJoiDEXKJk43Oqq6Az3XXa8-1-600x155.jpg 600w, http:\/\/nutrilife.com.vn\/wp-content\/uploads\/2019\/02\/UTB8LBVJoiDEXKJk43Oqq6Az3XXa8-1.jpg 880w\" sizes=\"(max-width: 390px) 100vw, 390px\" \/><\/p>\n","protected":false},"excerpt":{"rendered":"<ul>\n<li>C\u00e2n b\u1eb1ng hormon m\u00f4n sinh s\u1ea3n c\u1ee7a ph\u1ee5 n\u1eef.<\/li>\n<li>\u00a0Gi\u1ea3m c\u00e1c tri\u1ec7u ch\u1ee9ng kh\u00f3 ch\u1ecbu th\u1eddi k\u1ef3 ti\u1ec1n kinh nguy\u1ec7t (PMS), ti\u1ec1n m\u00e3n kinh v\u00e0 m\u00e3n kinh.<\/li>\n<li>\u00a0H\u1ed7 tr\u1ee3 da, t\u00f3c, m\u00f3ng kh\u1ecfe h\u01a1n.<\/li>\n<li>\u00a0Gi\u1ea3m m\u1ee5n tr\u1ee9ng c\u00e1.<\/li>\n<li>\u00a0Gi\u00fap chuy\u1ec3n ho\u00e1 m\u1ee1 v\u00e0 h\u1ed7 tr\u1ee3 qu\u00e1 tr\u00ecnh gi\u1ea3m c\u00e2n.<\/li>\n<li>\u00a0C\u1ea3i thi\u1ec7n t\u00ecnh tr\u1ea1ng huy\u1ebft \u00e1p cao v\u00e0 cholesterol cao<\/li>\n<\/ul>\n<hr \/>\n<p>&nbsp;<\/p>\n","protected":false},"featured_media":128,"comment_status":"open","ping_status":"closed","template":"","meta":[],"product_cat":[23],"product_tag":[20],"_links":{"self":[{"href":"http:\/\/nutrilife.com.vn\/index.php\/wp-json\/wp\/v2\/product\/124"}],"collection":[{"href":"http:\/\/nutrilife.com.vn\/index.php\/wp-json\/wp\/v2\/product"}],"about":[{"href":"http:\/\/nutrilife.com.vn\/index.php\/wp-json\/wp\/v2\/types\/product"}],"replies":[{"embeddable":true,"href":"http:\/\/nutrilife.com.vn\/index.php\/wp-json\/wp\/v2\/comments?post=124"}],"wp:featuredmedia":[{"embeddable":true,"href":"http:\/\/nutrilife.com.vn\/index.php\/wp-json\/wp\/v2\/media\/128"}],"wp:attachment":[{"href":"http:\/\/nutrilife.com.vn\/index.php\/wp-json\/wp\/v2\/media?parent=124"}],"wp:term":[{"taxonomy":"product_cat","embeddable":true,"href":"http:\/\/nutrilife.com.vn\/index.php\/wp-json\/wp\/v2\/product_cat?post=124"},{"taxonomy":"product_tag","embeddable":true,"href":"http:\/\/nutrilife.com.vn\/index.php\/wp-json\/wp\/v2\/product_tag?post=124"}],"curies":[{"name":"wp","href":"https:\/\/api.w.org\/{rel}","templated":true}]}}