{"id":209,"date":"2019-03-05T10:04:31","date_gmt":"2019-03-05T03:04:31","guid":{"rendered":"http:\/\/nutrilife.com.vn\/?post_type=product&#038;p=209"},"modified":"2023-11-16T17:12:20","modified_gmt":"2023-11-16T10:12:20","slug":"keo-keo-ong-mat-ong-manuka","status":"publish","type":"product","link":"http:\/\/nutrilife.com.vn\/index.php\/san-pham\/keo-keo-ong-mat-ong-manuka\/","title":{"rendered":"K\u1eb9o keo ong &#038; m\u1eadt ong Manuka"},"content":{"rendered":"<p><strong>Natural Life &#x2122; Propicol Candy<\/strong>\u00a0k\u1ebft h\u1ee3p c\u00e1c \u0111\u1eb7c t\u00ednh ch\u1eefa b\u1ec7nh c\u1ee7a M\u1eadt ong Manuka v\u00e0 Keo ong v\u1edbi D\u1ea7u chanh \u2013 m\u1ed9t m\u00f3n qu\u00e0 kh\u00e1ng khu\u1ea9n kh\u00e1c t\u1eeb thi\u00ean nhi\u00ean \u2013 \u0111\u1ec3 t\u1ea1o ra m\u1ed9t lo\u1ea1i k\u1eb9o ho\u00e0n to\u00e0n t\u1ef1 nhi\u00ean gi\u00fap gi\u1eef cho mi\u1ec7ng b\u1ea1n lu\u00f4n th\u01a1m m\u00e1t.<\/p>\n<p><strong>S\u1ee9c m\u1ea1nh t\u1eeb 3 t\u00e1c nh\u00e2n di\u1ec7t khu\u1ea9n : m\u1eadt ong, keo ong manuka v\u00e0 tinh d\u1ea7u chanh\u00a0<\/strong><\/p>\n<ul>\n<li>H\u01a1i th\u1edf th\u01a1m m\u00e1t<\/li>\n<li>D\u1ec5 d\u00e0ng mang theo trong t\u00fai ho\u1eb7c gi\u1ecf x\u00e1ch<\/li>\n<li>M\u1ed9t l\u1ef1a ch\u1ecdn tuy\u1ec7t v\u1eddi gi\u00fap xoa d\u1ecbu c\u1ed5 h\u1ecdng b\u1ecb vi\u00eam<\/li>\n<\/ul>\n","protected":false},"excerpt":{"rendered":"<p>L\u00e0 m\u1ed9t li\u1ec1u kh\u00e1ng sinh t\u1ef1 nhi\u00ean c\u00f3 th\u1ec3 nhai ho\u1eb7c ng\u1eadm<\/p>\n<p><strong><span class=\"goog-text-highlight\">K\u1eb9o keo ong , m\u1eadt ong manuka Natural Life&#x2122;<\/span><\/strong><\/p>\n<ul>\n<li>L\u00e0m d\u1ecbu c\u1ed5 h\u1ecdng b\u1ecb kh\u00f4<\/li>\n<li>\u0110i\u1ec1u tr\u1ecb vi\u00eam lo\u00e9t n\u01b0\u1edbu, mi\u1ec7ng<\/li>\n<li>\u0110\u1ea9y l\u00f9i h\u01a1i th\u1edf c\u00f3 m\u00f9i<\/li>\n<li>H\u1ed7 tr\u1ee3 \u0111i\u1ec1u tr\u1ecb vi\u00eam lo\u00e9t n\u01b0\u1edbu v\u00e0 mi\u1ec7ng<\/li>\n<\/ul>\n","protected":false},"featured_media":210,"comment_status":"open","ping_status":"closed","template":"","meta":[],"product_cat":[23],"product_tag":[38],"_links":{"self":[{"href":"http:\/\/nutrilife.com.vn\/index.php\/wp-json\/wp\/v2\/product\/209"}],"collection":[{"href":"http:\/\/nutrilife.com.vn\/index.php\/wp-json\/wp\/v2\/product"}],"about":[{"href":"http:\/\/nutrilife.com.vn\/index.php\/wp-json\/wp\/v2\/types\/product"}],"replies":[{"embeddable":true,"href":"http:\/\/nutrilife.com.vn\/index.php\/wp-json\/wp\/v2\/comments?post=209"}],"wp:featuredmedia":[{"embeddable":true,"href":"http:\/\/nutrilife.com.vn\/index.php\/wp-json\/wp\/v2\/media\/210"}],"wp:attachment":[{"href":"http:\/\/nutrilife.com.vn\/index.php\/wp-json\/wp\/v2\/media?parent=209"}],"wp:term":[{"taxonomy":"product_cat","embeddable":true,"href":"http:\/\/nutrilife.com.vn\/index.php\/wp-json\/wp\/v2\/product_cat?post=209"},{"taxonomy":"product_tag","embeddable":true,"href":"http:\/\/nutrilife.com.vn\/index.php\/wp-json\/wp\/v2\/product_tag?post=209"}],"curies":[{"name":"wp","href":"https:\/\/api.w.org\/{rel}","templated":true}]}}